*2 + 292*i - 610. What is d(5)?
0
Let x(q) = -113*q**2 - 382*q + 1200. What is x(2)?
-16
Let k(c) = -102145*c + 2655764. Calculate k(26).
-6
Let b(g) = -333*g - 6672. Calculate b(-19).
-345
Let a(v) = -6530*v + 189345. What is a(29)?
-25
Let j(a) = a**3 + 66*a**2 + 126*a + 171. Determine j(-64).
299
Let j(t) = 15*t**2 + 761*t + 3877. What is j(-5)?
447
Let h(t) = 724*t**2 + 2982*t - 342. Determine h(-4).
-686
Let o(y) = -y**3 - 262*y**2 - 2955*y + 437. What is o(-12)?
-103
Let t(d) = -2117*d + 836236. Calculate t(395).
21
Let k(u) = u**3 + 25*u**2 - 4255*u - 87139. Give k(-20).
-39
Let b(j) = -127379*j + 254806. Determine b(2).
48
Let a(g) = 75092*g + 150173. Determine a(-2).
-11
Let v(h) = -h**2 - 74*h - 1171. Give v(-38).
197
Let w(k) = -17662*k + 176713. What is w(10)?
93
Let d(z) = -21581*z - 2460203. Give d(-114).
31
Let t(n) = -2*n**2 + 101*n + 12119. Give t(107).
28
Let x(g) = g**2 + 93283*g + 6711208. What is x(-72)?
16
Let y(o) = -159*o**2 - 52*o - 29. Calculate y(-2).
-561
Let x(b) = -4387*b + 1127458. Give x(257).
-1
Let l(x) = x**3 + 11*x**2 - 884*x - 3661. Give l(-4).
-13
Let y(h) = 4310*h - 99169. What is y(23)?
-39
Let d(q) = -18025*q - 54071. What is d(-3)?
4
Let n(h) = 637*h**3 + 46*h**2 + 112*h + 112. Calculate n(-1).
-591
Let f(a) = 196*a**2 + 1266*a - 227. Determine f(-7).
515
Let m(b) = 9637*b**2 + 38540*b + 52. What is m(-4)?
84
Let w(j) = -j**3 + 1109*j**2 + 4464*j - 44. Determine w(-4).
-92
Let h(w) = 28*w**2 + 44*w - 265. What is h(9)?
2399
Let a(f) = f**3 - 29*f**2 - 625*f + 40. What is a(-15)?
-485
Let j(r) = -4260*r + 430146. Give j(101).
-114
Let f(h) = h**2 + 190236*h + 2092480. Give f(-11).
5
Let z(p) = -p**2 + 503*p - 55364. Determine z(342).
-302
Let g(n) = -4024*n + 48548. Calculate g(12).
260
Let b(y) = 5874*y + 23134. What is b(-4)?
-362
Let x(j) = -j**2 + 1494*j + 49848. Give x(-34).
-2104
Let b(j) = -j**3 + j**2 + 51*j - 105. What is b(5)?
50
Let c(p) = -12*p**2 + 515*p + 6421. What is c(53)?
8
Let t(j) = -819*j + 5959. Determine t(7).
226
Let t(i) = -i**3 - 27*i**2 - 4686*i + 34454. What is t(7)?
-14
Let r(q) = 10*q**3 + 1130*q**2 - 2207*q - 249400. What is r(-113)?
-9
Let w(p) = -p**3 + 87*p**2 + 1267*p - 103713. Calculate w(88).
39
Let t(a) = -4*a**3 - 35*a**2 + 44*a + 16. Determine t(-12).
1360
Let n(h) = 88589*h - 1240251. Give n(14).
-5
Let y(z) = 216719*z + 866945. Determine y(-4).
69
Let a(m) = -38*m**3 - 2*m**2 + 21*m - 51. Determine a(2).
-321
Let c(z) = 8*z**2 - 8003*z + 262870. Calculate c(34).
16
Let z(b) = 2*b**3 + 480*b**2 - 8197*b - 1271. Calculate z(-256).
9
Let w(b) = -b**3 - 28*b**2 + 11909*b + 651. Calculate w(-124).
31
Let n(u) = -u**3 + 18*u**2 - 3204*u + 15779. Determine n(5).
84
Let f(z) = z**3 + 225*z**2 - 1385*z + 241. What is f(-231)?
10
Let z(v) = -4*v**2 + 314*v + 2404. Give z(-7).
10
Let d(j) = 15*j**2 - 847*j - 254. What is d(57)?
202
Let f(g) = -84*g**3 + 31750*g**2 + 754*g + 712. What is f(378)?
-44
Let b(c) = 50481*c - 10752470. Determine b(213).
-17
Let p(a) = 14*a**2 + 107*a + 357. Determine p(-6).
219
Let n(g) = 4*g**3 - 1927*g**2 + 1099*g + 165458. Give n(481).
-6
Let t(b) = -1929382*b + 11576292. Determine t(6).
0
Let s(o) = -2*o**2 + 798*o + 84537. What is s(-87)?
-27
Let j(a) = -35*a + 4630. Determine j(47).
2985
Let d(l) = -356*l + 112146. Calculate d(315).
6
Let t(k) = -9*k**2 - 107*k + 2967. What is t(-24)?
351
Let w(j) = -j**3 - 196*j**2 + 209*j + 2315. Calculate w(-197).
-49
Let a(i) = 65*i + 3900. What is a(-19)?
2665
Let p(k) = k**3 - 17*k**2 - 666*k + 11061. Give p(16).
149
Let h(z) = -2*z**2 - 60*z - 597. Give h(-28).
-485
Let q(y) = 214*y**2 + 7*y + 2. What is q(-2)?
844
Let x(r) = -818131*r - 7363180. Determine x(-9).
-1
Let n(h) = -h**3 - 14*h**2 - 224*h - 4258. Give n(-16).
-162
Let h(i) = i**3 + 24*i**2 + 210*i + 1837. What is h(-13)?
966
Let p(j) = j**3 - 14*j**2 - 2276*j + 33928. What is p(15)?
13
Let h(b) = b**3 + 230*b**2 + 248*b - 98286. Give h(-227).
5
Let k(u) = u**3 - 2*u**2 - 110*u - 1970. Determine k(0).
-1970
Let x(m) = -4*m**3 + 18*m**2 + 48*m + 3. Give x(-2).
11
Let m(v) = 48501*v - 485007. What is m(10)?
3
Let c(z) = z**3 - 61*z**2 - 10*z - 2347. What is c(62)?
877
Let o(s) = 14*s**2 - 24450*s - 822092. What is o(-33)?
4
Let n(c) = c**3 - 31*c**2 + 162*c - 3966. Give n(30).
-6
Let c(j) = 13617*j + 449355. Calculate c(-33).
-6
Let i(s) = -1494877*s - 5979493. What is i(-4)?
15
Let v(r) = 4*r**3 - 936*r**2 + 4581*r - 249. Determine v(229).
-20
Let q(d) = -3*d**3 - 905*d**2 + 2834*d + 214619. What is q(-304)?
-5
Let q(r) = 5*r**2 - 7291*r + 136712. Calculate q(19).
-12
Let j(w) = -5*w**2 + 33780*w + 983830. What is j(-29)?
5
Let o(k) = k**3 + 15*k**2 + 420*k + 4377. What is o(-11)?
241
Let k(m) = -73*m**2 + 13*m + 19. Calculate k(-3).
-677
Let a(w) = w**3 + 61*w**2 + 44*w + 2541. Give a(-61).
-143
Let m(o) = 141*o + 1269. Calculate m(-11).
-282
Let i(p) = -8*p**2 + 420*p + 1650. Calculate i(-4).
-158
Let p(f) = -37*f - 5373. What is p(-129)?
-600
Let a(m) = 2*m**3 - 76*m**2 + 579*m - 22. Calculate a(27).
-427
Let p(b) = 4*b**2 + 963*b + 53435. Determine p(-154).
-3
Let j(l) = -17*l**2 + 330*l + 4029. Calculate j(-11).
-1658
Let m(j) = -8*j**2 - 111*j - 7. Give m(-4).
309
Let b(q) = 789*q - 70269. Calculate b(89).
-48
Let j(k) = 2*k**2 - 6783*k + 54139. What is j(8)?
3
Let t(a) = -1722361*a - 55115564. Give t(-32).
-12
Let d(p) = -325*p - 13343. Determine d(-41).
-18
Let d(c) = 12*c**3 - 148*c**2 + 407*c + 285. Give d(7).
-2
Let l(v) = v**3 + 177*v**2 - 1868*v - 8. Calculate l(10).
12
Let f(b) = b**2 + 13109*b - 10087897. What is f(729)?
5
Let c(b) = b**3 - 39*b**2 - 13*b - 102. Give c(39).
-609
Let b(w) = -28*w**2 - 266*w + 96. Determine b(-9).
222
Let u(w) = -4*w**3 - 6*w**2 + 27*w - 25. Give u(-5).
190
Let i(b) = 5*b - 43. Determine i(-21).
-148
Let v(t) = -4*t**2 - 5742*t - 129929. What is v(-23)?
21
Let c(f) = -616*f**2 - 4332*f + 9. Calculate c(-7).
149
Let r(k) = 191*k - 11672. Determine r(65).
743
Let z(n) = n**3 - 53*n**2 + 178*n - 1608. Calculate z(49).
-2490
Let p(c) = -16*c**2 - 1666*c + 48. Calculate p(-104).
256
Let q(x) = -101*x**3 + 48*x**2 - 94*x - 2. Calculate q(2).
-806
Let h(m) = -3*m**2 + 147*m - 205. Calculate h(46).
209
Let j(p) = 4*p**2 + 250*p - 1030. Calculate j(4).
34
Let g(l) = 105181*l + 29240324. Give g(-278).
6
Let b(c) = -5*c**2 + 132*c - 849. Calculate b(19).
-146
Let q(w) = -4304*w + 25922. What is q(6)?
98
Let s(a) = -12*a**3 - 324*a**2 + 339*a + 115. Calculate s(-28).
31
Let u(q) = -2*q**2 + 4740*q - 497168. What is u(110)?
32
Let r(d) = 1422*d + 154978. What is r(-109)?
-20
Let d(j) = 9*j**2 + 26*j - 77. Determine d(3).
82
Let y(p) = -16096*p + 177038. What is y(11)?
-18
Let r(l) = -366*l**2 + 294*l - 290. Calculate r(1).
-362
Let y(t) = -4*t**2 + 904*t + 14970. What is y(243)?
-1554
Let g(a) = a**3 + 523*a**2 + 7648*a + 14039. Calculate g(-508).
-185
Let l(c) = -636*c + 4904. Calculate l(8).
-184
Let g(b) = -4*b**2 + 630*b - 17309. What is g(122)?
15
Let k(a) = -2*a**3 + 763*a**2 + 16464*a + 7255. What is k(402)?
19
Let w(u) = u**2 + 1623*u + 20882. Calculate w(-13).
-48
Let h(a) = -157263*a - 1100880. Calculate h(-7).
-39
Let p(t) = -608*t - 8530. Give p(-13).
-626
Let n(z) = -16*z**2 - 230125*z - 230126. Determine n(-1).
-17
Let x(b) = b**3 + 99*b**2 - 259*b + 4902. Calculate x(-102).
108
Let i(c) = 28*c - 893. Give i(-4).
-1005
Let j(d) = -190*d**2 - 1155*d - 105. Determine j(-6).
-15
Let z(g) = 37*g**3 - 22976*g**2 - 616*g - 3090. Calculate z(621).
15
Let h(t) = -23*t**2 + 2530*t - 15212. Determine h(6).
-860
Let d(f) = -2*f**2 + 154*f - 1129. Give d(77).
-1129
Let o(m) = m**2 - 1378*m + 8257. Give o(6).
25
Let r(m) = 15421*m - 46345. Calculate r(3).
-82
Let s(h) = h**2 - 97671*h - 488366. Calculate s(-5).
14
Let y(o) = 310258*o - 2171774. What is y(7)?
32
Let d(z) = z**3 + 381*z**2 - 4308*z - 28. Give d(11).
16
Let s(f) = -232*f + 91875. Give s(400).
-925
Let g(a) = -3783*a + 283713. Determine g(75).
-12
Let w(y) = 2*y**3 - 60*y**2 - 1019*y + 296. Calculate w(42).
-166
Let w(r) = 4*r**3 - 4*r**2 - 4725*r - 18923. Give w(-4).
-343
Let o(z) = -z**2 - 1268*z + 14100. Give o(11).
31
Let d(x) = x**3 - 22*x**2 + 25623*x - 537639. Give d(21).
3
Let q(o) = 3*o**3 + 974*o**2 - 302*o + 7492. Calculate q(-